te the remainder when 35 is divided by l.
8
Suppose -2*l = -3*l + 19. Let w(j) = -j**3 - 9*j**2 - 2*j - 8. Calculate the remainder when l is divided by w(-9).
9
Let p(l) = l**3 - 5*l**2 + 5*l - 1. What is the remainder when p(5) is divided by 8?
0
Suppose 4*g = -s + 121, -2*s + 0*g + 202 = -2*g. What is the remainder when s is divided by 27?
24
Let d(z) = 3 + 15*z**2 + 1 + 2*z - 5. Calculate the remainder when d(1) is divided by 6.
4
Suppose -82 = 4*q - 22. Calculate the remainder when 43 is divided by q/2*(3 - 5).
13
Calculate the remainder when 36 is divided by 3/9*(-1 - -40).
10
Suppose -5*c - 22 = -102. Suppose 3 - 11 = n. Let x = n + c. Calculate the remainder when x is divided by 3.
2
Suppose -2*i = -7*i + 2*o + 15, 4*i - 12 = -4*o. Let l = i + 12. What is the remainder when l is divided by 4?
3
Let q(c) = 5*c**2 - 10*c. Calculate the remainder when 44 is divided by q(3).
14
Let x be 4/(-10)*(-5 + -5). Suppose -f = x*v - 62, -v = -0*f + f - 17. What is the remainder when 28 is divided by v?
13
Suppose -7*d + 34 = -85. What is the remainder when 22 is divided by d?
5
Let r(k) = 4*k - 6*k**2 + 4*k**2 - 7 + 3*k**2. Suppose 7*s - 2*s = 25. What is the remainder when r(-7) is divided by s?
4
Let n be 1*(2 - 3) + -6. Let z(w) = w**2 + 7*w + 5. Calculate the remainder when 7 is divided by z(n).
2
Let t = 89 - 46. Let m be (3 + 4)/((-2)/(-2)). Suppose m*n - 22 = 5*n. What is the remainder when t is divided by n?
10
Let m = 3 + -1. Let w be (4/12)/((-1)/(-15)). Suppose a - s + 2 = 2*a, 24 = w*a - m*s. What is the remainder when 10 is divided by a?
2
Let s(u) be the second derivative of -7*u**3/6 + u**2/2 + 2*u. Let v be s(-1). Calculate the remainder when (1/2)/(4/v) is divided by 1.
0
Suppose 0 = -2*l - l. Suppose 5*z - 15 = l, 4*z + 0*z - 2 = 5*g. What is the remainder when 44 is divided by 62/4 - 1/g?
14
Suppose 0 = -2*s + 9*s - 21. What is the remainder when 18 is divided by s?
0
Suppose -5*t + 4*f = -19, 2*t + 0 - 2 = 3*f. What is the remainder when t is divided by 5?
2
Let l = 22 + -31. Let r(q) = 2*q**3 - 2*q**3 + q**3 + 9*q**2 + 8. What is the remainder when 23 is divided by r(l)?
7
Let u(n) = -3*n**2 - 3*n + n**2 + 7*n**2. Let a(d) = 5*d**3 + d**2 - 2*d + 1. Calculate the remainder when u(2) is divided by a(1).
4
Suppose 7 = 3*i - 35. Let a = -1 + i. What is the remainder when 24 is divided by a?
11
Let c = 70 - 30. What is the remainder when c is divided by 21?
19
Let z be ((-84)/35)/((-4)/10). Calculate the remainder when (2/z)/(3/423) is divided by 24.
23
Let a(z) = -3*z**3 - 1 + z**2 + 4*z + 4 + 0. What is the remainder when a(-2) is divided by -2 + 11 + -1 + 0?
7
Suppose 3*u - 6*l + 9*l = 42, -2*u + 3*l = -8. Suppose 0 = 2*s - 4 - 2. Calculate the remainder when u is divided by s.
1
Let i = -4 - -5. Suppose -i = -k + 2. What is the remainder when k is divided by 2?
1
Calculate the remainder when 2/(-2*(-4)/204) is divided by 14.
9
What is the remainder when 49 is divided by 0 - -21 - (-1 + 4)?
13
Let n(i) = 2*i - 21. Let h(y) = -y + 1. Let l(t) = -3*h(t) - n(t). Calculate the remainder when l(0) is divided by 7.
4
Let p(c) = -4*c**3 + 20*c**2 - 23*c + 19. Let t(q) = q**3 - 7*q**2 + 8*q - 6. Let n(z) = -2*p(z) - 7*t(z). What is the remainder when n(-10) is divided by 3?
1
Let i(a) = -a**3 + a**2 - a + 24. What is the remainder when 94 is divided by i(0)?
22
What is the remainder when 57 + (-4)/8*6 is divided by 14?
12
Let o(b) = b + 38. What is the remainder when o(-11) is divided by 11?
5
Let l = 15 - 12. What is the remainder when 6 is divided by l?
0
Let q = 36 + -17. Let l(r) = 2*r - 2. What is the remainder when q is divided by l(6)?
9
Let b(y) = 2*y**2 - y - 3. Let s(o) = -4*o**3 - 4*o**2 - 3*o - 2. Let q be s(-3). Suppose 0 = -3*a + 62 + q. What is the remainder when a is divided by b(3)?
11
Suppose 0 = 13*s - 10*s - 39. What is the remainder when 62 is divided by s?
10
Suppose -5*j + u - 5 = 6*u, -4*u = 3*j + 6. Suppose 35 = j*a - 11. Calculate the remainder when a is divided by 0*(-2)/4 - -12.
11
Let f = 3 + -2. Suppose -5*w = r - 4, 4*w + 5*r - 19 = f. Suppose w = 4*p - 0*m + 4*m - 56, -5*p - 4*m = -73. What is the remainder when 49 is divided by p?
15
Suppose 0 = l + 1 + 2. Suppose 5 = -z - 4*y, -3*z + 0*y = 3*y - 12. Calculate the remainder when z is divided by ((-8)/l)/((-2)/(-3)).
3
Let p(u) = u**3 - 5*u**2 - u + 6. Let g be p(5). Let i(d) = 9*d - 1. What is the remainder when i(g) is divided by 3?
2
Let t = 6 - -5. Suppose 0 = u - 2*u + 31. What is the remainder when u is divided by t?
9
Suppose a - 5*j = 0, -j - 14 = -2*a - a. What is the remainder when 9/(-6) + 1 + (-125)/(-10) is divided by a?
2
Let h(s) be the third derivative of s**5/60 - 3*s**2. Calculate the remainder when 13 is divided by h(-2).
1
Suppose c = -4*w + 146, -4*w = -2*c + 7 - 159. What is the remainder when w is divided by 10?
7
Suppose 2*r = -4*t + 58, 0 = 5*r + 5 - 0. Let v(h) = h - 1. Let k be v(0). What is the remainder when (1 - 1) + 42 - k is divided by t?
13
Suppose -4*a - 2*r + 4 = 0, -2*a + r + 18 = -2*r. Suppose u + 2*c = 10 + 1, a*u = -c + 58. What is the remainder when u is divided by 11?
10
Let a(m) = -m**3 - 4*m**2 + 8*m - 1. Calculate the remainder when a(-6) is divided by 5.
3
Let p(x) = x + 17. Let o = 123 + 5. Suppose -h = 3*h - o. Calculate the remainder when h is divided by p(0).
15
Let k be 1 + -2 - (-30)/3. Let a = k + -4. Suppose s = 5*s - a*l - 72, 0 = l - 4. Calculate the remainder when s is divided by 12.
11
Suppose 3*a + 4 = 4*a. Suppose a*p + 14 - 38 = 0. Calculate the remainder when (-242)/(-14) - 8/28 is divided by p.
5
Suppose -4*d - 5 = -h + 2, 5*h = -5*d + 60. Calculate the remainder when 31 is divided by h.
9
Calculate the remainder when 77 is divided by 1420/55 - (-4)/22.
25
Let b = -15 - -25. What is the remainder when 27 is divided by b?
7
Suppose -4*u + 2*u - 2*z = -6, 2*u = 2*z + 10. Suppose 2*h = -u*x + 44, -8*h + 4*h = 4*x - 100. Calculate the remainder when h is divided by 15.
13
Suppose 10*o - 2 = 9*o. Calculate the remainder when 15 is divided by o.
1
Calculate the remainder when 3 is divided by -8*(-1)/2 + -2.
1
Suppose -2*l - 6 = l. What is the remainder when (114/24)/(l/(-8)) is divided by 10?
9
Let v(b) = -b**3 - 3*b**2 + 4. What is the remainder when 161 is divided by v(-5)?
53
Let c = -12 - -26. Let r(a) = -10*a + 6. What is the remainder when r(-2) is divided by c?
12
Let m(o) = 2*o**2 + 4*o + 2. Calculate the remainder when m(-4) is divided by 3.
0
Suppose i = 2 + 2. Suppose -b + i*b = 12. Calculate the remainder when (-2 - 0)*(-134)/b is divided by 23.
21
Suppose 4*j - 13 + 1 = 0. Suppose 0 = -a + j*a - 28. Calculate the remainder when a is divided by 8.
6
Suppose -k - 756 = 2*k. Let m = 525 + k. What is the remainder when m/9 - 2/(-3) is divided by 11?
9
Calculate the remainder when 79 + 1 - (5 - 4) is divided by 20.
19
Let p(s) = s**3 + 4*s**2 - 6*s - 2. Let z = 0 - 2. Let b(x) = 2*x**2 + 3*x. Calculate the remainder when p(-5) is divided by b(z).
1
Let r(f) = 3*f**2 - 2*f + 5. Let b(k) = -4*k**2 + 3*k - 6. Let c(p) = 2*b(p) + 3*r(p). What is the remainder when 7 is divided by c(0)?
1
Suppose -2*y + 76 = 2*y. Let j(g) = -5*g**3 + 2. Let s(h) = -25*h**3 - h + 11. Let t(n) = 11*j(n) - 2*s(n). Calculate the remainder when t(-2) is divided by y.
17
Suppose -3*b - 3*j + 2*j = -2, 0 = -3*b - 4*j + 8. Suppose 3*w - 9 = -b*w. Let t(m) = -m**3 - 4*m**2 - m + 3. What is the remainder when t(-4) is divided by w?
1
Let a = 740 - 436. What is the remainder when a is divided by 51?
49
Let d = 13 + -7. What is the remainder when 9 is divided by d?
3
Suppose -2*g - 8 = t - 6*g, 5*g = t + 11. Suppose -30 - 6 = -t*s. Let u = 37 - 11. What is the remainder when u is divided by s?
8
Let u be 1/(-3) - 176/(-6). Suppose 0 = n - 2*n + u. Let f = 12 + -2. Calculate the remainder when n is divided by f.
9
Let q(d) = -d**3 + 5*d**2 + d + 4. Calculate the remainder when 49 is divided by q(3).
24
Let a = -15 + 40. What is the remainder when a is divided by 14?
11
Let v = 7 - 7. Suppose v = -13*s + 8*s + 55. What is the remainder when 31 is divided by s?
9
Let w = 16 + -8. Let r(n) = -n**3 - 8*n**2 - 8*n + 1. Let h be r(-7). Let x = h - 5. What is the remainder when w is divided by x?
2
Let o be -5 - (-1 - -9)/4. Let 